-5*d + 169. What is the tens digit of d?
2
Suppose -r - 5*n - 14 = 0, 5*r + 0*n = 4*n + 17. Let o be r*1/(1/3). Let g(z) = 8*z. What is the tens digit of g(o)?
2
Suppose 3*u = 5*o - 504 - 299, 4 = -4*u. Suppose -o = 4*p - 8*p. What is the tens digit of p?
4
Suppose 17*c - 98 - 106 = 0. What is the units digit of c?
2
Suppose 6*b - 8 = 2*b. Suppose r + b*x - 8 = 0, 2*r = 6*r + 2*x - 8. Suppose 165 = 5*t - r*t. What is the tens digit of t?
3
What is the units digit of (-96317)/(-143) - (-24)/(-44)?
3
Let v(q) = -4*q - 10. Let g be v(-5). Suppose g*o - o = -72. Let k = o - -31. What is the tens digit of k?
2
Let w be (4/(-6) - -2) + 460/(-30). What is the tens digit of (14/3 - w/(-21))*52?
0
Let d(i) = 25*i - 50. What is the tens digit of d(23)?
2
Let l = -50 - -68. Suppose -7*c + 108 = -l. What is the units digit of c?
8
Let o(h) be the third derivative of h**6/120 - h**5/6 + 13*h**4/24 - 3*h**3/2 + 2*h**2. What is the tens digit of o(9)?
2
Let i = -28 + 28. Suppose -5*b - 3 = s - 38, i = 3*s + b - 175. What is the units digit of s?
0
What is the tens digit of (258/(-10))/(101/(-1515))?
8
Suppose -f - t = -1320, 14*t = -f + 11*t + 1326. What is the tens digit of f?
1
Let g = -24 + 29. Suppose c + 8 = g*c. Suppose w - c*p - 33 = -6*p, 5*w + 5*p - 120 = 0. What is the tens digit of w?
2
Let n(c) = -c**2 + 4*c + 18. Let l be n(8). What is the units digit of ((-114)/10)/(l/280)?
8
Let c(o) = 4*o**2 + 5*o - 3. Let r = 14 - 17. What is the units digit of c(r)?
8
Let a = 641 - -401. What is the units digit of a?
2
Let x be 2/(-18) + (-506)/(-99). Suppose -n = n - 2*d - 92, -x*d + 85 = 2*n. What is the units digit of ((-792)/n)/((-4)/10)?
4
Let x(u) = 2*u**2 + 2*u + 27. Let t be x(0). What is the tens digit of (-4 + -1)/5 + t?
2
Let x(z) = z**3 + 2*z**2 - 3*z - 6. Let s be x(6). Suppose 11*a = s + 1309. What is the hundreds digit of a?
1
Let u(r) = -r**2 + 27*r + 28. Let b be u(28). Suppose 3*q - 149 + 23 = b. What is the tens digit of q?
4
Suppose 2*s + 1 = 4*r + 9, 2*r = 0. What is the units digit of (s - -51)*(-2 + 3)?
5
Let p be 2898/91 - (-2)/13. Let a = p + -9. What is the units digit of a?
3
Let m = 2950 + -1659. What is the thousands digit of m?
1
Let s(j) = 46*j + 30. What is the units digit of s(7)?
2
Let a be 4 - 8*(-3)/(-6). Suppose a = 4*r + 4*m - 131 + 19, -4*r = -5*m - 76. What is the units digit of r?
4
Suppose v - 46 = 2*i, -4*v + 5*v - i = 44. What is the units digit of v*4/(4/1)?
2
Let w = -475 + 728. Suppose 3*p - 83 = w. What is the tens digit of p?
1
What is the hundreds digit of 4 + 2250/(10/5)?
1
Let w(i) = -4*i - 2. Let o be w(-1). Let t = 54 - o. What is the units digit of t?
2
Let o be 16/(-2) - (-2 + 0)/2. Let u(k) = -k**3 - 6*k**2 - 8*k - 5. What is the hundreds digit of u(o)?
1
Suppose 8*y - 688 - 5624 = 0. What is the tens digit of y?
8
Let n be 1*(1 + 4/2). Suppose 136 = n*q + q. What is the tens digit of q?
3
Let l = 129 - 88. Let o = 189 - l. What is the tens digit of o?
4
Suppose -4*w + 1655 = -93. What is the units digit of w?
7
Let f(h) be the second derivative of -10*h + 0 + 1/12*h**4 - 1/2*h**3 + 11/2*h**2. What is the units digit of f(5)?
1
Let h(s) = 14*s**2 - 14*s - 1. What is the hundreds digit of h(9)?
0
Let d(w) = 63*w - 3. Let n be d(7). Suppose j - n = -5*j. What is the tens digit of j?
7
Let v = 510 - 188. Let q = v + -207. What is the hundreds digit of q?
1
Let u = -279 + 788. What is the hundreds digit of u?
5
Let x = -1 + 15. Let a = x - 7. Let w = 12 - a. What is the units digit of w?
5
Suppose 10*u + 40 = -0*u. What is the units digit of 15/(-5)*((-736)/(-3))/u?
4
Suppose -2 = -2*h + l, -2*h - 13 = 3*l + 1. What is the units digit of (-27)/(0/5 + h)?
7
Let j be (-6*((-2565)/6)/9)/1. Suppose 2 = -v, 5*v - 209 = -4*c + j. What is the hundreds digit of c?
1
Let i = 30 + -42. What is the tens digit of (-1050)/i + (-2)/4?
8
Let o = 2672 + -1767. What is the hundreds digit of o?
9
Let l(c) = -250*c + 48. What is the units digit of l(-3)?
8
Let c(w) = -18*w**2 - 7. Let z be c(3). Let f = -97 - z. What is the units digit of f?
2
What is the units digit of (-2)/(-7)*-2 + 165140/140?
9
Suppose -21*v = 16*v - 72002. What is the tens digit of v?
4
Let t be (3 - 10)*(4 + -5). Let r be -6*((-1708)/8)/t. Suppose 5*c - v + r = 443, 3*c - 163 = 2*v. What is the units digit of c?
1
Let p = 217 + -206. Suppose -2*h = 2*h. What is the tens digit of -2*(h - p/2)?
1
Let f = 34 - 29. Suppose -f*d = -3*p - 522, 0 = 2*d - 5*p + 2*p - 207. Let r = d - 67. What is the units digit of r?
8
Suppose 2*s + s - 2898 = 0. Suppose 5*v + 196 - s = 0. What is the tens digit of (v/21)/((-2)/(-9))?
3
Suppose 0 = -3*f - 3*w + 308 + 526, -3*w = -5*f + 1374. Suppose k - f = -3*k + 4*a, -2*k = -a - 133. What is the units digit of k?
4
What is the units digit of 3118 - 0 - (-32)/(-24)*-6?
6
Let j(k) = k**2 + 10*k - 43. Let o be j(7). Suppose -y + o = -c, -4*y + 2*c = 4*c - 328. What is the tens digit of y?
8
Suppose 0 = -5*n - 3*t + 74, 5*t = 4*n + n - 90. Suppose 0*s = -2*s - n. Let k = -6 - s. What is the units digit of k?
2
Let v(u) = 9*u**3 + 7*u**2 - 17*u - 3. Let b be v(3). Let o = b + -71. What is the units digit of o?
1
Let m(y) = 12*y + 4. Let l(g) = g - 4. Let x be l(6). Suppose -x*z + 7*z = 10. What is the tens digit of m(z)?
2
Suppose -8*u + 930 = -3*u. Suppose 0*r + r + 317 = 2*l, l + 5*r = u. Suppose -i = -4*b - 0*i + l, -19 = -b - 4*i. What is the units digit of b?
9
Let n be (2 + -3 + 0)*3. Let h(k) = 2*k - 1. Let v(q) = q - 1. Let i(t) = n*v(t) + 2*h(t). What is the units digit of i(9)?
0
Let p = -1108 + 2025. What is the units digit of p?
7
Let i be 5/25 - 8880/25. Let y = -218 - i. What is the tens digit of y?
3
Let g(f) = f**3 - 1 - 3 + 3 - 6*f**2 + 6*f + 0. Suppose 3*i - 5 = 10. What is the units digit of g(i)?
4
Suppose 0 = 3*b - 0*g - g - 8, 4*b - 14 = 2*g. Suppose -d - u + 2*u = -4, b = d + 2*u. Suppose 0*x + d*x = 27. What is the units digit of x?
9
Suppose 20 = 6*t + 8. Suppose -4*j - m = 400 - 1330, 2*j - t*m - 460 = 0. What is the tens digit of j?
3
Let l(r) = r**2 + 12*r + 18. Let v be l(-18). Suppose 4*w + 5*w = v. What is the units digit of w?
4
Let x = 15 + -22. Let r(a) be the second derivative of -a**3/3 + a**2/2 - 17*a. What is the tens digit of r(x)?
1
Let o = -33 + 53. Let c = 65 + o. What is the tens digit of c?
8
Let y = 4303 + -2085. What is the units digit of y?
8
What is the hundreds digit of 4/2 + 6 - -622?
6
Let z(i) = 249*i**2 - 53*i - 166. What is the thousands digit of z(-3)?
2
Let a be (-15)/10*(-10)/3. Suppose -d + 1 - a = 0. Let x = d - -13. What is the units digit of x?
9
Suppose 0 = -5*g + m - 10, 4*m + 6 = g - 4*g. What is the units digit of (3/(15/16))/(g/(-5))?
8
Suppose -4*u - 7 = q + 2, -5*q - 5*u = 0. Suppose 0 = q*p - 4 - 29. What is the tens digit of p?
1
Let u(o) = -18*o + 2. Let d(g) = -12*g + 6. Let s(i) = -11*i + 7. Let y(r) = -6*d(r) + 5*s(r). Let p(k) = -4*u(k) - 3*y(k). What is the units digit of p(2)?
7
Let h = -909 + 1804. What is the hundreds digit of -1 + 1 + h/5?
1
Let r(c) = 372*c**2 + 3*c - 3. What is the tens digit of r(1)?
7
Let l = 320 + 496. What is the units digit of (l/(-40))/((-2)/5)?
1
Suppose -2*v + 1004 = 4*f, -v - 4*f + 506 = -f. What is the units digit of v?
4
Let j(x) = x + 11 + x + 1. Let s be ((-12)/8)/((-9)/30) - -4. What is the units digit of j(s)?
0
Suppose -7 + 4 = 3*p. Let k(j) = 14*j**2. Let v be k(p). Let m = v + 0. What is the tens digit of m?
1
Suppose -5*p = -4*z - 1732, -5*p + 0*z + z + 1723 = 0. What is the hundreds digit of p?
3
Suppose 0 = -6*b + 808 - 268. Suppose 0*p + i - 451 = -3*p, 0 = p + 2*i - 152. Let n = p - b. What is the units digit of n?
0
Let c be 0/1 + 57 + 10. Let u = c + -27. Let s = 57 - u. What is the units digit of s?
7
Let d be (-6)/(6/(-3))*1. Let c = 23 + 15. Suppose d*k + k + c = 2*v, 5*k = -4*v + 11. What is the units digit of v?
9
Suppose 5*c = 3*a - 18 - 337, -3*a + c + 359 = 0. What is the units digit of a?
0
Suppose -3*v - 4*j + 1963 = 0, 3*v + j - 1956 = 4*j. What is the hundreds digit of v?
6
Suppose 4*c = -7*d + 2*d + 758, -3*d + 380 = 2*c. Suppose -5*m - 57 = -c. What is the tens digit of m?
2
Let h = 368 + -77. What is the tens digit of h?
9
Suppose -4*f + 4*q + 3396 = 0, -16 = q - 5*q. What is the units d